{"id":3640,"date":"2025-11-03T22:45:14","date_gmt":"2025-11-03T22:45:14","guid":{"rendered":"https:\/\/enfermeracreativa.com\/?post_type=product&#038;p=3640"},"modified":"2026-04-25T13:42:14","modified_gmt":"2026-04-25T13:42:14","slug":"pack-de-templates-para-profissionais-de-saude-mental","status":"publish","type":"product","link":"https:\/\/enfermeracreativa.com\/en\/product\/pack-de-templates-para-profissionais-de-saude-mental\/","title":{"rendered":"Pack de templates para profissionais de sa\u00fade mental"},"content":{"rendered":"<p data-start=\"479\" data-end=\"544\"><strong>Come\u00e7a a criar conte\u00fado profissional em minutos\u2026 antes de continuares a perder horas a pensar no que publicar.<\/strong><\/p>\n<p data-start=\"479\" data-end=\"544\">Com o <strong>Pack MenteS\u00e3<\/strong> ter\u00e1s tudo o que precisas para que o teu perfil se destaque.<\/p>\n<p data-start=\"479\" data-end=\"544\">\u2714 Ideias claras do que publicar cada semana.<br \/>\n\u2714 Posts prontos em minutos, mesmo que n\u00e3o saibas de design.<br \/>\n\u2714 Um perfil profissional, coerente e constante.<\/p>\n<p data-start=\"479\" data-end=\"544\">\ud83d\udc49 Sem contratar ningu\u00e9m.<br \/>\n\ud83d\udc49 Sem passar horas a criar conte\u00fado.<\/p>\n<p data-start=\"479\" data-end=\"544\"><strong>Acesso imediato ap\u00f3s a compra. Podes come\u00e7ar a test\u00e1-lo hoje mesmo.<\/strong><\/p>","protected":false},"excerpt":{"rendered":"<p>Come\u00e7a a criar conte\u00fado profissional em minutos\u2026 antes de continuares a perder horas a pensar no que publicar. Com o Pack MenteS\u00e3 ter\u00e1s tudo o que precisas para que o teu perfil se destaque. \u2714 Ideias claras do que publicar cada semana. \u2714 Posts prontos em minutos, mesmo que n\u00e3o saibas de design. \u2714 Um [&hellip;]<\/p>\n","protected":false},"featured_media":4137,"comment_status":"open","ping_status":"closed","template":"","meta":[],"product_brand":[],"product_cat":[39],"product_tag":[],"class_list":{"0":"post-3640","1":"product","2":"type-product","3":"status-publish","4":"has-post-thumbnail","6":"product_cat-pack-plantillas-portugues","8":"first","9":"instock","10":"sale","11":"downloadable","12":"virtual","13":"taxable","14":"purchasable","15":"product-type-simple"},"_links":{"self":[{"href":"https:\/\/enfermeracreativa.com\/en\/wp-json\/wp\/v2\/product\/3640","targetHints":{"allow":["GET"]}}],"collection":[{"href":"https:\/\/enfermeracreativa.com\/en\/wp-json\/wp\/v2\/product"}],"about":[{"href":"https:\/\/enfermeracreativa.com\/en\/wp-json\/wp\/v2\/types\/product"}],"replies":[{"embeddable":true,"href":"https:\/\/enfermeracreativa.com\/en\/wp-json\/wp\/v2\/comments?post=3640"}],"wp:featuredmedia":[{"embeddable":true,"href":"https:\/\/enfermeracreativa.com\/en\/wp-json\/wp\/v2\/media\/4137"}],"wp:attachment":[{"href":"https:\/\/enfermeracreativa.com\/en\/wp-json\/wp\/v2\/media?parent=3640"}],"wp:term":[{"taxonomy":"product_brand","embeddable":true,"href":"https:\/\/enfermeracreativa.com\/en\/wp-json\/wp\/v2\/product_brand?post=3640"},{"taxonomy":"product_cat","embeddable":true,"href":"https:\/\/enfermeracreativa.com\/en\/wp-json\/wp\/v2\/product_cat?post=3640"},{"taxonomy":"product_tag","embeddable":true,"href":"https:\/\/enfermeracreativa.com\/en\/wp-json\/wp\/v2\/product_tag?post=3640"}],"curies":[{"name":"wp","href":"https:\/\/api.w.org\/{rel}","templated":true}]}}

Pack de templates para profissionais de saúde mental

<p data-start="479" data-end="544"><strong>Começa a criar conteúdo profissional em minutos… antes de continuares a perder horas a pensar no que publicar.</strong></p>
<p data-start="479" data-end="544">Com o <strong>Pack MenteSã</strong> terás tudo o que precisas para que o teu perfil se destaque.</p>
<p data-start="479" data-end="544">✔ Ideias claras do que publicar cada semana.<br />
✔ Posts prontos em minutos, mesmo que não saibas de design.<br />
✔ Um perfil profissional, coerente e constante.</p>
<p data-start="479" data-end="544">👉 Sem contratar ninguém.<br />
👉 Sem passar horas a criar conteúdo.</p>
<p data-start="479" data-end="544"><strong>Acesso imediato após a compra. Podes começar a testá-lo hoje mesmo.</strong></p>

<p>Começa a criar conteúdo profissional em minutos… antes de continuares a perder horas a pensar no que publicar. Com o Pack MenteSã terás tudo o que precisas para que o teu perfil se destaque. ✔ Ideias claras do que publicar cada semana. ✔ Posts prontos em minutos, mesmo que não saibas de design. ✔ Um [&hellip;]</p>
