{"id":1476,"date":"2025-05-17T23:03:10","date_gmt":"2025-05-17T23:03:10","guid":{"rendered":"https:\/\/enfermeracreativa.com\/?post_type=product&#038;p=1476"},"modified":"2026-04-25T11:27:55","modified_gmt":"2026-04-25T11:27:55","slug":"disenos-de-propuestas-de-historias-las-portadas-de-las-historias-destacadas-psicologos","status":"publish","type":"product","link":"https:\/\/enfermeracreativa.com\/en\/product\/disenos-de-propuestas-de-historias-las-portadas-de-las-historias-destacadas-psicologos\/","title":{"rendered":"Dise\u00f1os de propuestas de historias + las portadas de las historias destacadas psicologos"},"content":{"rendered":"<p data-path-to-node=\"3\"><b data-path-to-node=\"3\" data-index-in-node=\"0\">\u00bfSientes que tus historias son un caos y tus destacados no lucen como te gustar\u00eda?<\/b> Con este pack de dise\u00f1os y portadas es muy f\u00e1cil:<\/p>\n<ul data-path-to-node=\"4\">\n<li>\n<p data-path-to-node=\"4,0,0\"><b data-path-to-node=\"4,0,0\" data-index-in-node=\"0\">EST\u00c9TICA PROFESIONAL:<\/b> Olvida el desorden. Dale a tu perfil una identidad visual coherente con portadas de destacados que transmita confianza a tus pacientes desde el primer segundo.<\/p>\n<\/li>\n<li>\n<p data-path-to-node=\"4,1,0\"><b data-path-to-node=\"4,1,0\" data-index-in-node=\"0\">ADI\u00d3S AL BLOQUEO:<\/b> No vuelvas a pensar \u00ab\u00bfqu\u00e9 subo ahora?\u00bb. Tendr\u00e1s ideas listas para usar para que nunca te falte qu\u00e9 contar.<\/p>\n<\/li>\n<li>\n<p data-path-to-node=\"4,2,0\"><b data-path-to-node=\"4,2,0\" data-index-in-node=\"0\">M\u00c1S TIEMPO PARA TI:<\/b> Ahorra energ\u00eda con un sistema sencillo que hace que publicar historias sea la parte m\u00e1s relajada de tu d\u00eda.<\/p>\n<\/li>\n<li>\n<p data-path-to-node=\"4,3,0\"><b data-path-to-node=\"4,3,0\" data-index-in-node=\"0\">MARCA PERSONAL S\u00d3LIDA:<\/b> Transforma tus historias en una herramienta de venta, mostrando tus servicios de forma elegante y organizada.<\/p>\n<\/li>\n<\/ul>\n<p data-path-to-node=\"5\"><b data-path-to-node=\"5\" data-index-in-node=\"0\">Pon orden a tu perfil. \u00a1Compra el pack y disfruta de un perfil \u00fanico!<\/b><\/p>","protected":false},"excerpt":{"rendered":"<p>\u00bfSientes que tus historias son un caos y tus destacados no lucen como te gustar\u00eda? Con este pack de dise\u00f1os y portadas es muy f\u00e1cil: EST\u00c9TICA PROFESIONAL: Olvida el desorden. Dale a tu perfil una identidad visual coherente con portadas de destacados que transmita confianza a tus pacientes desde el primer segundo. ADI\u00d3S AL BLOQUEO: [&hellip;]<\/p>\n","protected":false},"featured_media":1477,"comment_status":"open","ping_status":"closed","template":"","meta":[],"product_brand":[],"product_cat":[25],"product_tag":[],"class_list":{"0":"post-1476","1":"product","2":"type-product","3":"status-publish","4":"has-post-thumbnail","6":"product_cat-recursos-digitales","8":"first","9":"instock","10":"downloadable","11":"virtual","12":"taxable","13":"purchasable","14":"product-type-simple"},"_links":{"self":[{"href":"https:\/\/enfermeracreativa.com\/en\/wp-json\/wp\/v2\/product\/1476","targetHints":{"allow":["GET"]}}],"collection":[{"href":"https:\/\/enfermeracreativa.com\/en\/wp-json\/wp\/v2\/product"}],"about":[{"href":"https:\/\/enfermeracreativa.com\/en\/wp-json\/wp\/v2\/types\/product"}],"replies":[{"embeddable":true,"href":"https:\/\/enfermeracreativa.com\/en\/wp-json\/wp\/v2\/comments?post=1476"}],"wp:featuredmedia":[{"embeddable":true,"href":"https:\/\/enfermeracreativa.com\/en\/wp-json\/wp\/v2\/media\/1477"}],"wp:attachment":[{"href":"https:\/\/enfermeracreativa.com\/en\/wp-json\/wp\/v2\/media?parent=1476"}],"wp:term":[{"taxonomy":"product_brand","embeddable":true,"href":"https:\/\/enfermeracreativa.com\/en\/wp-json\/wp\/v2\/product_brand?post=1476"},{"taxonomy":"product_cat","embeddable":true,"href":"https:\/\/enfermeracreativa.com\/en\/wp-json\/wp\/v2\/product_cat?post=1476"},{"taxonomy":"product_tag","embeddable":true,"href":"https:\/\/enfermeracreativa.com\/en\/wp-json\/wp\/v2\/product_tag?post=1476"}],"curies":[{"name":"wp","href":"https:\/\/api.w.org\/{rel}","templated":true}]}}

Diseños de propuestas de historias + las portadas de las historias destacadas psicologos

<p data-path-to-node="3"><b data-path-to-node="3" data-index-in-node="0">¿Sientes que tus historias son un caos y tus destacados no lucen como te gustaría?</b> Con este pack de diseños y portadas es muy fácil:</p>
<ul data-path-to-node="4">
<li>
<p data-path-to-node="4,0,0"><b data-path-to-node="4,0,0" data-index-in-node="0">ESTÉTICA PROFESIONAL:</b> Olvida el desorden. Dale a tu perfil una identidad visual coherente con portadas de destacados que transmita confianza a tus pacientes desde el primer segundo.</p>
</li>
<li>
<p data-path-to-node="4,1,0"><b data-path-to-node="4,1,0" data-index-in-node="0">ADIÓS AL BLOQUEO:</b> No vuelvas a pensar «¿qué subo ahora?». Tendrás ideas listas para usar para que nunca te falte qué contar.</p>
</li>
<li>
<p data-path-to-node="4,2,0"><b data-path-to-node="4,2,0" data-index-in-node="0">MÁS TIEMPO PARA TI:</b> Ahorra energía con un sistema sencillo que hace que publicar historias sea la parte más relajada de tu día.</p>
</li>
<li>
<p data-path-to-node="4,3,0"><b data-path-to-node="4,3,0" data-index-in-node="0">MARCA PERSONAL SÓLIDA:</b> Transforma tus historias en una herramienta de venta, mostrando tus servicios de forma elegante y organizada.</p>
</li>
</ul>
<p data-path-to-node="5"><b data-path-to-node="5" data-index-in-node="0">Pon orden a tu perfil. ¡Compra el pack y disfruta de un perfil único!</b></p>

<p>¿Sientes que tus historias son un caos y tus destacados no lucen como te gustaría? Con este pack de diseños y portadas es muy fácil: ESTÉTICA PROFESIONAL: Olvida el desorden. Dale a tu perfil una identidad visual coherente con portadas de destacados que transmita confianza a tus pacientes desde el primer segundo. ADIÓS AL BLOQUEO: [&hellip;]</p>
